
2
Let u(n) = -5*n + 480. Give u(41).
275
Let f(h) = 8*h**2 + 64*h - 412. Calculate f(4).
-28
Let n(w) = w**3 - 43*w**2 - 250*w + 481. What is n(48)?
1
Let b(h) = 1878*h - 9389. Determine b(5).
1
Let m(s) = -6*s**3 + 167*s**2 + 26*s + 44. What is m(28)?
-12
Let t(q) = 30*q**3 - 6*q**2 + 13*q - 9. Give t(1).
28
Let m(a) = 4*a**3 - 4*a**2 - 10*a + 10. What is m(4)?
162
Let g(p) = p**2 + 22*p + 62. Give g(-18).
-10
Let s(n) = n**2 + 13*n - 20. What is s(-6)?
-62
Let j(z) = 630*z + 1292. Determine j(-2).
32
Let u(a) = 13*a**2 - 1700*a - 235. Calculate u(131).
158
Let f(p) = -24*p**2 - 695*p + 46. Give f(-29).
17
Let s(m) = -183*m**2 + 2923*m + 74. What is s(16)?
-6
Let q(z) = 113*z - 353. Determine q(3).
-14
Let p(x) = -x**3 + 35*x**2 - 57*x - 289. Give p(33).
8
Let s(a) = 35*a - 102. What is s(7)?
143
Let g(c) = -12*c + 158. Give g(-48).
734
Let x(t) = 6*t**2 + 46*t + 144. Calculate x(-3).
60
Let g(u) = -7*u**2 - 274*u - 542. Give g(-2).
-22
Let x(g) = 4*g**3 + 100*g**2 - 224*g - 214. Give x(-27).
2
Let g(o) = 2*o**2 - 415*o + 201. Give g(207).
-6
Let x(l) = 3*l**2 - 239*l + 963. What is x(4)?
55
Let u(z) = z**3 + 18*z**2 - 320*z + 5. Give u(11).
-6
Let d(h) = -9*h**3 + 2*h**2 - 2*h - 1. Determine d(3).
-232
Let z(d) = -336*d + 12470. Determine z(37).
38
Let a(w) = w**3 + 38*w**2 - 109*w + 453. Give a(-41).
-121
Let d(h) = -h**2 + 87*h - 462. What is d(6)?
24
Let j(i) = -8*i**2 - 2*i - 5. Give j(-2).
-33
Let a(o) = -o**3 - 20*o**2 + 62*o + 20. What is a(3)?
-1
Let b(r) = 106*r + 1041. Calculate b(-10).
-19
Let j(z) = -z**3 + z**2 + 8*z + 12. What is j(-3)?
24
Let c(h) = 2*h**2 - 84*h + 207. Calculate c(40).
47
Let y(n) = -n**3 - 29*n**2 - 97*n - 381. Determine y(-24).
-933
Let x(g) = -g**2 + 48*g - 492. Determine x(28).
68
Let q(z) = 3*z**3 + 28*z**2 - 94*z + 18. Calculate q(-12).
-6
Let v(l) = -306*l + 15602. Determine v(51).
-4
Let n(h) = -h**3 - 48*h**2 + 80*h + 429. Determine n(-50).
1429
Let v(q) = -218*q - 6. What is v(-2)?
430
Let d(w) = w**2 + 45*w + 141. Calculate d(0).
141
Let b(z) = z**3 - 51*z**2 + 662*z - 14. Determine b(24).
322
Let a(s) = 54*s - 66. Calculate a(1).
-12
Let v(w) = -w**3 + 7*w**2 + 29*w - 34. Calculate v(9).
65
Let u(c) = -c**2 + 20*c + 12. What is u(9)?
111
Let j(f) = -5*f**2 - 8*f + 34. Give j(4).
-78
Let o(w) = -3*w - 74. Determine o(-33).
25
Let b(n) = 356*n - 2100. Give b(6).
36
Let c(k) = 2*k**2 - 21*k - 58. Determine c(15).
77
Let h(l) = -292*l - 1805. What is h(-6)?
-53
Let n(u) = 197*u + 7675. Determine n(-39).
-8
Let m(j) = -187*j + 829. Calculate m(4).
81
Let t(n) = -4*n**2 - 244*n + 2013. Give t(8).
-195
Let f(z) = z**3 - 21*z**2 - 195*z + 4. Give f(28).
32
Let d(c) = 2*c**3 + 10*c**2 - 3*c - 19. What is d(-6)?
-73
Let l(f) = f**3 + 8*f**2 - 610*f - 39. Give l(21).
-60
Let i(h) = -5*h - 13. Determine i(-35).
162
Let u(l) = -4*l**2 + 59*l - 190. What is u(5)?
5
Let y(o) = o**3 + 101*o**2 + 388*o - 7. Give y(-97).
-7
Let r(q) = 6*q - 14. Give r(7).
28
Let z(l) = 418*l + 5043. Give z(-12).
27
Let u(p) = -24*p**3 - p**2 + 10*p - 4. Determine u(2).
-180
Let s(t) = -4*t**2 - 11*t - 5. Determine s(-7).
-124
Let w(d) = 8*d**3 - 525*d**2 - 193*d - 347. Determine w(66).
-17
Let r(n) = 26*n + 619. What is r(-62)?
-993
Let u(o) = 631*o + 626. Calculate u(-1).
-5
Let l(m) = -4*m**3 + 2*m**2 - 250*m - 490. What is l(-2)?
50
Let j(a) = -a**3 - 16*a**2 + 17*a - 260. Calculate j(-18).
82
Let p(s) = 28*s + 836. Calculate p(-30).
-4
Let s(x) = -x**3 - x**2 + 278*x - 34. Determine s(-17).
-136
Let c(m) = m**3 + 54*m**2 + 84*m - 1037. What is c(-52)?
3
Let q(r) = r**3 - 19*r**2 - 49*r - 49. Calculate q(23).
940
Let n(w) = w**3 - 17*w**2 - 2*w + 21. Determine n(17).
-13
Let g(p) = -37*p + 729. Give g(20).
-11
Let n(l) = -5*l**2 + 3*l + 55. Determine n(5).
-55
Let x(u) = 170*u - 788. What is x(5)?
62
Let d(z) = 2*z**3 - 30*z**2 + 30*z + 86. Determine d(14).
114
Let b(v) = -27*v - 159. Determine b(-19).
354
Let x(k) = k**3 - 15*k**2 + 10*k - 10. What is x(14)?
-66
Let a(c) = -6*c**2 - 1111*c - 2377. Calculate a(-183).
2
Let c(n) = -4*n**3 - 4*n**2 + 15*n - 1. Give c(-3).
26
Let t(d) = -105*d**2 + 8*d + 9. Give t(-1).
-104
Let x(a) = 16*a**2 + 51*a + 3. Give x(-2).
-35
Let a(x) = 410*x - 3274. Give a(8).
6
Let y(m) = 34*m**2 + 3948*m + 470. Give y(-116).
6
Let y(j) = -j**3 + 131*j**2 - 290*j + 4125. Determine y(129).
-3
Let a(d) = 41*d - 86. Calculate a(4).
78
Let a(b) = 17*b - 16. Determine a(1).
1
Let f(o) = -3*o**3 - 3*o**2 + 22*o - 13. Determine f(-4).
43
Let r(j) = -2*j**3 - j**2 + 30*j + 133. Calculate r(-6).
349
Let f(j) = 6651*j + 119720. What is f(-18)?
2
Let s(r) = 110*r + 232. What is s(-2)?
12
Let q(x) = 2*x**3 + 27*x**2 - 153*x + 165. What is q(-18)?
3
Let r(q) = 2*q**3 - 29*q**2 - 17*q - 41. What is r(15)?
-71
Let q(l) = 2*l**2 - 53*l + 127. What is q(20)?
-133
Let x(a) = a**3 - 55*a**2 + 629*a - 74. What is x(16)?
6
Let x(o) = 5*o - 202. Calculate x(54).
68
Let p(h) = h**3 - 3*h**2 - 53*h. Determine p(9).
9
Let v(z) = -4*z**2 + 264*z + 2350. Give v(-9).
-350
Let x(l) = -9*l + 345. Give x(35).
30
Let m(g) = -2*g**2 + 57*g - 112. Determine m(25).
63
Let z(l) = -2731*l - 60066. Calculate z(-22).
16
Let s(j) = 5*j - 32. Calculate s(15).
43
Let y(w) = 3*w**3 + 3*w**2 - 14*w + 40. What is y(3)?
106
Let h(a) = 6*a + 70. What is h(-22)?
-62
Let v(q) = -q**2 - 102*q + 443. Calculate v(4).
19
Let o(d) = -422*d - 26585. Determine o(-63).
1
Let i(g) = -63*g**2 - 866*g - 5. What is i(-14)?
-229
Let l(c) = -6*c**3 - 140*c**2 + 14*c + 1362. Determine l(-23).
-18
Let q(w) = 63*w - 1576. Give q(25).
-1
Let x(b) = 6*b - 146. What is x(30)?
34
Let r(f) = -f**2 + 19*f + 54. Determine r(16).
102
Let q(s) = 449*s - 2270. Calculate q(5).
-25
Let x(a) = -244*a + 737. Determine x(3).
5
Let q(k) = -k**2 - 39*k - 233. What is q(-7)?
-9
Let n(z) = 2*z**2 + z - 55. Give n(-6).
11
Let g(j) = -j**3 - 11*j**2 - 25*j - 95. Determine g(-8).
-87
Let i(g) = -g**2 - 8*g + 23. Calculate i(-15).
-82
Let s(l) = 320*l - 976. Determine s(5).
624
Let c(a) = -33*a - 2016. What is c(-61)?
-3
Let v(p) = p**3 - 7*p**2 - 4*p + 2. Determine v(0).
2
Let w(k) = -k**2 - k + 167. What is w(-13)?
11
Let a(n) = 4*n**2 + 119*n + 65. Calculate a(-29).
-22
Let i(h) = -255*h**2 + 2296*h + 11. Determine i(9).
20
Let q(c) = -4*c**2 - 226*c - 95. What is q(-57)?
-209
Let b(h) = -h**3 - 9*h**2 + 9*h - 25. What is b(-6)?
-187
Let j(l) = -22*l**3 + 2*l**2 - 9*l - 10. Give j(-1).
23
Let s(m) = -138*m - 2217. Calculate s(-16).
-9
Let x(g) = g**2 + 14*g - 1. Calculate x(-4).
-41
Let a(l) = l**3 - 18*l**2 + l - 72. What is a(17)?
-344
Let n(r) = r**3 + 33*r**2 - 917*r - 10. What is n(18)?
8
Let r(g) = 17*g**2 + 111*g + 15. Give r(-6).
-39
Let h(z) = z**2 - 20*z - 33. What is h(20)?
-33
Let u(p) = -9*p**2 + 160*p + 29. What is u(18)?
-7
Let i(b) = -b**3 + 29*b**2 - 49*b - 135. What is i(26)?
619
Let g(h) = 12*h - 107. What is g(17)?
97
Let o(p) = 2*p**2 - 107. Determine o(-7).
-9
Let o(f) = -103*f - 2401. Determine o(-23).
-32
Let t(g) = -74*g - 1265. Determine t(-19).
141
Let w(i) = 130*i + 792. Determine w(-6).
12
Let u(x) = 19*x**2 - 245*x + 43. Determine u(13).
69
Let u(o) = 3*o**3 - 15*o**2 - 14*o + 4. What is u(6)?
28
Let f(w) = w**2 + 313*w - 4576. Determine f(14).
2
Let z(g) = 57*g**2 + 68*g + 68. What is z(-1)?
57
Let v(a) = -4*a**2 - 552*a - 4166. Give v(-130).
-6
Let u(f) = 223*f - 1578. Give u(7).
-17
Let n(k) = 222*k - 12241. Determine n(55).
-31
Let j(s) = -s**2 - 24*s + 565. Determine j(15).
-20
Let l(i) = 21*i - 338. Calculate l(4).
-254
Let p(f) = -f**3 + 4*f**2 - 97*f + 515. Calculate p(5).
5
Let k(u) = -u**2 + 3*u - 8. What is k(-14)?
-246
Let h(y) = y**2 + 181*y + 1365. Determine h(-8).
-19
Let t(c) = -c**2 + 15*c - 17. What is t(14)?
-3
Let g(k) = 215*k - 5538. Calculate g(25).
-163
Let f(x) = -3*x**2 - 32*x + 1560. Calculate f(-27).
237
Let v(y) = 383*y + 7665. Calculate v(-20).
5
Let s(t) = 2*t**2 - 154*t + 147. Calculate s(76).
-5
Let w(q) = 7*q**2 - 381*q - 221. Calculate w(55).
-1
Let l(v) = -5*v + 225. Determine l(19).
130
Let l(d) = 83*d - 1157. Calculate l(14).
5
Let z(t) = 11*t - 225. What is z(-32)?
-577
Let w(q) = -2*q**2 + 20*q + 2570. What is w(-31)?
28
Let w(b) = 18*b**3 - 2*b + 3. What is w(1)?
19
Let i(k) = -k**2 + 1880*k + 59219. What is i(-